{"id":401,"date":"2024-09-20T20:59:24","date_gmt":"2024-09-20T23:59:24","guid":{"rendered":"https:\/\/sapra.org\/?page_id=401"},"modified":"2025-11-13T11:44:51","modified_gmt":"2025-11-13T14:44:51","slug":"asesoria-legal","status":"publish","type":"page","link":"https:\/\/sapra.org\/index.php\/asesoria-legal\/","title":{"rendered":"Asesor\u00eda Legal"},"content":{"rendered":"\n<p class=\"has-text-color has-link-color wp-elements-7d0545bf1fd875a2c84a7c8e7c2f0742\" style=\"color:#252527eb\">La asesor\u00eda legal es de car\u00e1cter oneroso, alimentario y un derecho personal\u00edsimo, cotizado en base a una ley de honorarios que remunera por el servicio brindado.<\/p>\n\n\n\n<figure class=\"wp-block-image size-full\"><img loading=\"lazy\" decoding=\"async\" width=\"720\" height=\"410\" src=\"https:\/\/sapra.org\/wp-content\/uploads\/2025\/07\/img_1_1746156475463.jpg\" alt=\"\" class=\"wp-image-1341\" srcset=\"https:\/\/sapra.org\/wp-content\/uploads\/2025\/07\/img_1_1746156475463.jpg 720w, https:\/\/sapra.org\/wp-content\/uploads\/2025\/07\/img_1_1746156475463-300x171.jpg 300w, https:\/\/sapra.org\/wp-content\/uploads\/2025\/07\/img_1_1746156475463-421x240.jpg 421w\" sizes=\"auto, (max-width: 720px) 100vw, 720px\" \/><\/figure>\n\n\n\n<hr class=\"wp-block-separator has-alpha-channel-opacity\"\/>\n\n\n\n<p class=\"has-text-align-center has-headings-color has-text-color has-link-color wp-elements-1c6fc05c3dbc406806beb2bcc7a51d78\"><strong>VALORACI\u00d3N DE NUESTRO TRABAJO PROFESIONAL<\/strong><\/p>\n\n\n\n<p class=\"has-headings-color has-text-color has-link-color wp-elements-250eb1f2a774c157c40b1ce68924da9c\">En la pr\u00e1ctica tenemos que ser muy cautelosos al momento de ofrecer nuestros servicios. <\/p>\n\n\n\n<p class=\"has-headings-color has-text-color has-link-color wp-elements-9dbbef7e33aa256d47d80722b7936b9c\">Tenemos que aprender a valorar nuestro trabajo desde la primera entrevista con el cliente, siempre dejando en claro que nuestra asesor\u00eda es remunerativa.<\/p>\n\n\n\n<p class=\"has-headings-color has-text-color has-link-color wp-elements-fa9b6513b845fe1bc4501cff00a79eca\">La comunicaci\u00f3n con el cliente del valor de nuestro trabajo, refleja el valor que nos cotizamos a nosotros mismos y con respecto a nuestros pares, respetando la \u00e9tica profesional<\/p>\n","protected":false},"excerpt":{"rendered":"<p>La asesor\u00eda legal es de car\u00e1cter oneroso, alimentario y un derecho personal\u00edsimo, cotizado en base a una ley de honorarios que remunera por el servicio<span class=\"excerpt-fade\"><\/span><\/p>\n","protected":false},"author":1,"featured_media":0,"parent":0,"menu_order":0,"comment_status":"closed","ping_status":"closed","template":"","meta":{"_themeisle_gutenberg_block_has_review":false,"_ti_tpc_template_sync":false,"_ti_tpc_template_id":"","footnotes":""},"class_list":["post-401","page","type-page","status-publish","hentry"],"_links":{"self":[{"href":"https:\/\/sapra.org\/index.php\/wp-json\/wp\/v2\/pages\/401","targetHints":{"allow":["GET"]}}],"collection":[{"href":"https:\/\/sapra.org\/index.php\/wp-json\/wp\/v2\/pages"}],"about":[{"href":"https:\/\/sapra.org\/index.php\/wp-json\/wp\/v2\/types\/page"}],"author":[{"embeddable":true,"href":"https:\/\/sapra.org\/index.php\/wp-json\/wp\/v2\/users\/1"}],"replies":[{"embeddable":true,"href":"https:\/\/sapra.org\/index.php\/wp-json\/wp\/v2\/comments?post=401"}],"version-history":[{"count":22,"href":"https:\/\/sapra.org\/index.php\/wp-json\/wp\/v2\/pages\/401\/revisions"}],"predecessor-version":[{"id":1563,"href":"https:\/\/sapra.org\/index.php\/wp-json\/wp\/v2\/pages\/401\/revisions\/1563"}],"wp:attachment":[{"href":"https:\/\/sapra.org\/index.php\/wp-json\/wp\/v2\/media?parent=401"}],"curies":[{"name":"wp","href":"https:\/\/api.w.org\/{rel}","templated":true}]}}