{"id":165,"date":"2024-05-10T00:14:36","date_gmt":"2024-05-10T03:14:36","guid":{"rendered":"https:\/\/sapra.org\/?page_id=165"},"modified":"2026-01-27T14:21:21","modified_gmt":"2026-01-27T17:21:21","slug":"turismo","status":"publish","type":"page","link":"https:\/\/sapra.org\/index.php\/turismo\/","title":{"rendered":"Turismo"},"content":{"rendered":"\n<p class=\"has-text-align-center has-headings-color has-text-color has-link-color wp-elements-d5b2fe1614ad3f9c422621a1df545980\">Les ofrecemos propuestas tur\u00edsticas accesibles a la econom\u00eda de cada colega.<\/p>\n\n\n\n<p class=\"has-text-align-center has-headings-color has-text-color has-link-color wp-elements-e75c67b25279dfba9109a9bdeff1bb11\">El afiliado\/a y su grupo familiar podr\u00e1 acceder a la hoteler\u00eda que brinda nuestra organizaci\u00f3n, sea a trav\u00e9s de tarifas sociales que tengamos por ante nuestros gremios hermanos y\/o descuentos por convenios hoteleros.<\/p>\n\n\n\n<p class=\"has-text-align-center has-headings-color has-text-color has-link-color wp-elements-b29a0d37d68074f3fba11ed90851ed0b\"><strong>Requisito de acceso: Tener credencial de afiliado emitida por nuestra organizaci\u00f3n y la cuota paga en t\u00e9rmino. <\/strong><\/p>\n\n\n\n<p class=\"has-text-align-center has-headings-color has-text-color has-link-color wp-elements-68a01608a4e8f8faff6e5d95ca1223c4\">Solo tendr\u00e1n beneficios exclusivos exhibiendo la credencial de afiliado de SAPRA.<\/p>\n\n\n\n<p class=\"has-text-align-center has-headings-color has-text-color has-link-color wp-elements-38b9327e6714935a01e2e0e51c907a6d\">Los beneficios con los hoteles mencionados no podr\u00e1n ser suplidos con otras clases de credenciales de abogados. <\/p>\n\n\n\n<p class=\"has-text-align-center has-headings-color has-text-color has-link-color wp-elements-b35b62a566ffd345e78b88841d56ba1b\">En su defecto, se le cobrar\u00e1 la tarifa normal.<\/p>\n\n\n\n<p><a href=\"https:\/\/sapra.org\/index.php\/buenos-aires\/\" data-type=\"page\" data-id=\"316\">Buenos Aires: San Pedro<\/a><\/p>\n\n\n\n<p><a href=\"https:\/\/sapra.org\/index.php\/cordoba\/\" data-type=\"page\" data-id=\"291\">C\u00f3rdoba<\/a><\/p>\n\n\n\n<p><a href=\"https:\/\/sapra.org\/index.php\/san-luis\/\" data-type=\"page\" data-id=\"311\">San Luis<\/a><\/p>\n\n\n\n<blockquote class=\"wp-block-quote is-layout-flow wp-block-quote-is-layout-flow\">\n<p class=\"has-text-align-center has-headings-color has-text-color has-link-color has-large-font-size wp-elements-c4525a98f40be634ae12c1a4847d00e0\"><strong>NUEVO BENEFICIO<\/strong><\/p>\n\n\n\n<p class=\"has-text-align-center has-headings-color has-text-color has-link-color has-large-font-size wp-elements-16fdf4dd9d45163a187d1d0b670db5f0\">CONVENIO CON COSTA  ACU\u00c1TICA<\/p>\n\n\n\n<figure class=\"wp-block-image size-large\"><img loading=\"lazy\" decoding=\"async\" width=\"1024\" height=\"1024\" src=\"https:\/\/sapra.org\/wp-content\/uploads\/2025\/12\/SindicatoAbogadosCostaAcuatica2-1024x1024.jpg\" alt=\"\" class=\"wp-image-1649\" srcset=\"https:\/\/sapra.org\/wp-content\/uploads\/2025\/12\/SindicatoAbogadosCostaAcuatica2-1024x1024.jpg 1024w, https:\/\/sapra.org\/wp-content\/uploads\/2025\/12\/SindicatoAbogadosCostaAcuatica2-300x300.jpg 300w, https:\/\/sapra.org\/wp-content\/uploads\/2025\/12\/SindicatoAbogadosCostaAcuatica2-150x150.jpg 150w, https:\/\/sapra.org\/wp-content\/uploads\/2025\/12\/SindicatoAbogadosCostaAcuatica2-768x768.jpg 768w, https:\/\/sapra.org\/wp-content\/uploads\/2025\/12\/SindicatoAbogadosCostaAcuatica2.jpg 1080w\" sizes=\"auto, (max-width: 1024px) 100vw, 1024px\" \/><\/figure>\n<\/blockquote>\n\n\n\n<p class=\"has-headings-color has-text-color has-link-color wp-elements-d4e8118c15e3a782ce28ad5770831605\">El beneficio solo podr\u00e1n adquirirlo a trav\u00e9s de nuestra p\u00e1gina.<\/p>\n\n\n\n<p class=\"has-headings-color has-text-color has-link-color wp-elements-b690237a9061a2261457510c5a934481\">Para acceder al parque, Usted deber\u00e1 ingresar a trav\u00e9s de este link <a href=\"https:\/\/netclass.com.ar\/pacuatico\/index.php?QR=300\">https:\/\/netclass.com.ar\/pacuatico\/index.php?QR=300<\/a> <\/p>\n\n\n\n<p class=\"has-headings-color has-text-color has-link-color wp-elements-23a41060c27d7cab2cca6b9ced8ecb24\">Para acceder al parque, ud deber\u00e1 generarse una credencial con vigencia de 24 horas para que puedan disfrutar de esta maravillosa atracci\u00f3n turisitca.<\/p>\n\n\n\n<p class=\"has-text-align-center has-accent-2-color has-text-color has-link-color has-large-font-size wp-elements-72ff7a87f8f1bb32787f04cd3450a1af\">Contamos con otra atracci\u00f3n turistica, que podr\u00e1n disfrutar en familia. <\/p>\n\n\n\n<p class=\"has-headings-color has-text-color has-link-color wp-elements-0864d21622c3169535cc96ad1e7026aa\">Le presentamos COSTA SALVAJE es un Parque Tem\u00e1tico ubicado en el Km 314 de la Ruta 11 entre Las Toninas y San Clemente. El Link de acceso es <a href=\"https:\/\/costasalvaje.com.ar\">https:\/\/costasalvaje.com.ar<\/a><\/p>\n\n\n\n<p class=\"has-headings-color has-text-color has-link-color wp-elements-51fc3dae2a998e314cf3f19794dfc523\"><\/p>\n\n\n\n<p><\/p>\n","protected":false},"excerpt":{"rendered":"<p>Les ofrecemos propuestas tur\u00edsticas accesibles a la econom\u00eda de cada colega. El afiliado\/a y su grupo familiar podr\u00e1 acceder a la hoteler\u00eda que brinda nuestra<span class=\"excerpt-fade\"><\/span><\/p>\n","protected":false},"author":1,"featured_media":0,"parent":0,"menu_order":0,"comment_status":"closed","ping_status":"closed","template":"","meta":{"_themeisle_gutenberg_block_has_review":false,"_ti_tpc_template_sync":false,"_ti_tpc_template_id":"","footnotes":""},"class_list":["post-165","page","type-page","status-publish","hentry"],"_links":{"self":[{"href":"https:\/\/sapra.org\/index.php\/wp-json\/wp\/v2\/pages\/165","targetHints":{"allow":["GET"]}}],"collection":[{"href":"https:\/\/sapra.org\/index.php\/wp-json\/wp\/v2\/pages"}],"about":[{"href":"https:\/\/sapra.org\/index.php\/wp-json\/wp\/v2\/types\/page"}],"author":[{"embeddable":true,"href":"https:\/\/sapra.org\/index.php\/wp-json\/wp\/v2\/users\/1"}],"replies":[{"embeddable":true,"href":"https:\/\/sapra.org\/index.php\/wp-json\/wp\/v2\/comments?post=165"}],"version-history":[{"count":32,"href":"https:\/\/sapra.org\/index.php\/wp-json\/wp\/v2\/pages\/165\/revisions"}],"predecessor-version":[{"id":1746,"href":"https:\/\/sapra.org\/index.php\/wp-json\/wp\/v2\/pages\/165\/revisions\/1746"}],"wp:attachment":[{"href":"https:\/\/sapra.org\/index.php\/wp-json\/wp\/v2\/media?parent=165"}],"curies":[{"name":"wp","href":"https:\/\/api.w.org\/{rel}","templated":true}]}}